{"id":9,"date":"2026-02-05T12:17:16","date_gmt":"2026-02-05T12:17:16","guid":{"rendered":"https:\/\/www.lanservice.com.pl\/?page_id=9"},"modified":"2026-02-05T12:29:46","modified_gmt":"2026-02-05T12:29:46","slug":"lan-service","status":"publish","type":"page","link":"https:\/\/www.lanservice.com.pl\/","title":{"rendered":"LAN SERVICE"},"content":{"rendered":"<p>LAN Service \u2013 Tw\u00f3j zaufany partner.<\/p>\n<p>Misj\u0105 firmy jest wzajemnie korzystna, trwa\u0142a wsp\u00f3\u0142praca z klientami w zakresie rozwoju i zarz\u0105dzania ich infrastruktur\u0105 informatyczn\u0105, w celu stworzenia efektywnej i bezpiecznej sieci komputerowej oraz nowoczesnego \u015brodowiska pracy.<br \/>\nFirma LAN Service powsta\u0142a w 1992 roku. Od pocz\u0105tku podstaw\u0105 dzia\u0142alno\u015bci jest \u015bwiadczenie us\u0142ug w dziedzinie konsultacji, realizacji i nadzorowania infrastruktury informatycznej oraz dostarczanie szerokiej gamy oprogramowania i sprz\u0119tu pozwalaj\u0105cego na stworzenie optymalnego dla danego klienta rozwi\u0105zania systemu komputerowego.<br \/>\nOferujemy wiedz\u0119 wynikaj\u0105c\u0105 z ci\u0105gle podnoszonych kwalifikacji oraz popartej umowami partnerskimi, wsp\u00f3\u0142pracy z czo\u0142owymi producentami i dystrybutorami oprogramowania i sprz\u0119tu informatycznego.<br \/>\nNasz\u0105 misj\u0119 realizujemy poprzez sta\u0142e umowy o opiek\u0119 nad systemami komputerowymi klient\u00f3w \u2013 outsourcing. Zapewniamy im optymalne wykorzystanie posiadanych technologii, wiedz\u0119 o najnowszych rozwi\u0105zaniach i korzy\u015bciach z ich zastosowania oraz doradztwo w zakresie doboru oprogramowania, sprz\u0119tu oraz opracowywania koncepcji rozwojowych system\u00f3w informatycznych.<\/p>\n<p>Obs\u0142ugujemy klient\u00f3w z wielu dziedzin gospodarki zar\u00f3wno tych, kt\u00f3rzy nie posiadaj\u0105 w\u0142asnego personelu informatycznego jak i dysponuj\u0105cych rozbudowanymi dzia\u0142ami informatycznymi. Dla tych pierwszych jeste\u015bmy wirtualnym dzia\u0142em informatyki kompleksowo obs\u0142uguj\u0105cym ich potrzeby w tej dziedzinie, a dla tych drugich zaufanym partnerem \u015bwiadcz\u0105cym us\u0142ugi konsultacyjne oraz pomoc w rozwi\u0105zywaniu najtrudniejszych problem\u00f3w.<\/p>\n<p>Nasze umowy o outsourcing obejmuj\u0105 nie tylko usuwanie awarii system\u00f3w z gwarantowanym czasem reakcji i nadz\u00f3r nad bie\u017c\u0105c\u0105 prac\u0105 system\u00f3w informatycznych klient\u00f3w. Co wyr\u00f3\u017cnia nas na tle konkurencji, to zaawansowane wspomaganie techniczne i us\u0142ugi doradcze oparte o wieloletnie do\u015bwiadczenie, posiadane kwalifikacje oraz uzyskane autoryzacje partnerskie, techniczne i handlowe. Jako autoryzowany partner wielu dzia\u0142aj\u0105cych na naszym rynku producent\u00f3w oprogramowania i sprz\u0119tu informatycznego mamy dost\u0119p do dedykowanych naszej firmie program\u00f3w wsparcia. Daje to nam mo\u017cliwo\u015b\u0107 efektywnej i kompetentnej obs\u0142ugi klienta na ka\u017cdym etapie wsp\u00f3\u0142pracy.<\/p>\n<p>Kontakt<br \/>\nLAN Service M.Falkowski J.Jab\u0142onka sp.j.<br \/>\n60-302 Pozna\u0144 ul.Wawerska 16\/2<br \/>\nbiuro@lanservice.com.pl m.falkowski@lanservice.com.pl j.jablonka@lanservice.com.pl<br \/>\ntel\/fax 061 661 20 26<\/p>\n","protected":false},"excerpt":{"rendered":"<p>LAN Service \u2013 Tw\u00f3j zaufany partner. Misj\u0105 firmy jest wzajemnie korzystna, trwa\u0142a wsp\u00f3\u0142praca z klientami w zakresie rozwoju i zarz\u0105dzania ich infrastruktur\u0105 informatyczn\u0105, w celu stworzenia efektywnej i bezpiecznej sieci komputerowej oraz nowoczesnego \u015brodowiska pracy. Firma LAN Service powsta\u0142a w 1992 roku. Od pocz\u0105tku podstaw\u0105 dzia\u0142alno\u015bci jest \u015bwiadczenie us\u0142ug w dziedzinie konsultacji, realizacji i nadzorowania [&hellip;]<\/p>\n","protected":false},"author":1,"featured_media":12,"parent":0,"menu_order":0,"comment_status":"closed","ping_status":"closed","template":"","meta":{"footnotes":""},"class_list":["post-9","page","type-page","status-publish","has-post-thumbnail","hentry"],"_links":{"self":[{"href":"https:\/\/www.lanservice.com.pl\/index.php\/wp-json\/wp\/v2\/pages\/9","targetHints":{"allow":["GET"]}}],"collection":[{"href":"https:\/\/www.lanservice.com.pl\/index.php\/wp-json\/wp\/v2\/pages"}],"about":[{"href":"https:\/\/www.lanservice.com.pl\/index.php\/wp-json\/wp\/v2\/types\/page"}],"author":[{"embeddable":true,"href":"https:\/\/www.lanservice.com.pl\/index.php\/wp-json\/wp\/v2\/users\/1"}],"replies":[{"embeddable":true,"href":"https:\/\/www.lanservice.com.pl\/index.php\/wp-json\/wp\/v2\/comments?post=9"}],"version-history":[{"count":2,"href":"https:\/\/www.lanservice.com.pl\/index.php\/wp-json\/wp\/v2\/pages\/9\/revisions"}],"predecessor-version":[{"id":11,"href":"https:\/\/www.lanservice.com.pl\/index.php\/wp-json\/wp\/v2\/pages\/9\/revisions\/11"}],"wp:featuredmedia":[{"embeddable":true,"href":"https:\/\/www.lanservice.com.pl\/index.php\/wp-json\/wp\/v2\/media\/12"}],"wp:attachment":[{"href":"https:\/\/www.lanservice.com.pl\/index.php\/wp-json\/wp\/v2\/media?parent=9"}],"curies":[{"name":"wp","href":"https:\/\/api.w.org\/{rel}","templated":true}]}}